n k is divided by r?
6
Suppose -71 = -5*m - 4*w - 0*w, -5*m = -4*w - 39. Calculate the remainder when 53 is divided by m.
9
Let a(h) = h**3 - 7*h**2 + h - 5. Let r be a(7). Let z = 2 - r. What is the remainder when 2/(-2)*z - -46 is divided by 16?
14
Suppose -x = 2*x - 33. Calculate the remainder when 27 is divided by (x - (5 - 3)) + 1.
7
Let g be (4 + (3 - 6))*7. Let f(x) = -x**3 + 6*x**2 + 8*x + 10. What is the remainder when f(g) is divided by 6?
5
Let x(s) = -s**3 - s**2 - 1. Let i be x(-2). Calculate the remainder when 47 is divided by i/(-12) - 505/(-20).
22
Suppose 2 = j - 8. Calculate the remainder when 17 is divided by j.
7
Suppose -3*j = -2*p + 35, 4*j + 48 = 2*p + 2*p. Let k = 1 + j. Calculate the remainder when 16 is divided by (-6)/30 - 92/k.
7
Let g = 2 + 10. Suppose -r - g = -4*r. What is the remainder when 7 is divided by r?
3
Calculate the remainder when 22 is divided by 11 + -1 - (-9 - -6).
9
Let w(k) = -k**2 - k. Let x(l) = -7*l + 3. Let b(r) = -2*w(r) + x(r). Calculate the remainder when ((-8)/(-2))/(2/8) is divided by b(3).
4
Let i(b) = -b**3 + 6*b**2 - 4*b + 4. Let z(f) = 4*f - 3. Let o be z(2). What is the remainder when 15 is divided by i(o)?
6
Let o = 15 - 15. Suppose -m = -o*m - 10. What is the remainder when m is divided by 6?
4
Let i be (-40)/(-16) - 2/(-4). Suppose i*a - 75 = -27. What is the remainder when 61 is divided by a?
13
Let o be (-2 + (-2)/4)*-2. Suppose -5*s + 118 - 33 = -o*a, -5*s = -2*a - 82. What is the remainder when (8/s)/(1/70) is divided by 12?
11
Suppose -2*g - 56 = -3*m, -3*g - g = -5*m + 96. Calculate the remainder when m is divided by 6.
4
Let q = 94 - 36. What is the remainder when q is divided by 20?
18
Suppose -104 = -4*k + 4*d, 0 = 4*d + d. What is the remainder when 180 is divided by k?
24
Suppose -4*b - 3*i + 37 = -0, -2*b - 5*i = -15. Calculate the remainder when 54 is divided by (b - -4)/(-1 + 2).
12
Let b(p) = -p**2 + 10*p + 6. What is the remainder when b(6) is divided by 8?
6
Suppose -3*v + 5 = 2*v, -5*v = 2*u - 21. Let p be ((-3)/2)/((-3)/(-4)). What is the remainder when -1 - (-22 - (p + 3)) is divided by u?
6
Suppose 2*w - 8 - 2 = 0. Suppose w*f - 2*c + 0*c = 184, 5*c = -5*f + 205. Calculate the remainder when f is divided by 13.
12
Let q(u) = -u**2 - 13*u - 10. Let r be q(-8). Suppose -2*o + 18 + r = 0. Calculate the remainder when o is divided by 9.
6
Suppose 5*k = 125 + 110. Let f = -31 + k. Calculate the remainder when f is divided by ((-18)/15)/(6/(-45)).
7
Suppose 5*v - 2*v - 12 = 0. Suppose v*p - 26 = 26. Suppose 0 = 3*c - c - 10. Calculate the remainder when p is divided by c.
3
Suppose 14 = -2*l - 0. Let f = 8 + l. Let v = -13 + 14. What is the remainder when v is divided by f?
0
Let q(b) = -3*b**2 - 2*b + 2. Let h be q(-2). Suppose 0 = v + 4, -4*m + 28 = 3*v - 24. What is the remainder when (-1)/h + 716/24 is divided by m?
14
Let t = -17 - -24. Let y(i) = i**2 - i - 4. What is the remainder when y(t) is divided by 14?
10
Suppose 50 = r + r. Let j = -6 - -13. What is the remainder when r is divided by j?
4
What is the remainder when (-777)/(-27) + 2/9 is divided by 11?
7
Let s(h) = 2*h**2 - h - h + 3*h - h**2 - 5. Let z be 7/(1/1)*-1. What is the remainder when s(z) is divided by 13?
11
Let u be 0 + -2*1 - 10. Let z be 42/(-4)*u/7. Suppose s - z - 13 = 0. What is the remainder when s is divided by 11?
9
Let g = 50 - -47. What is the remainder when g is divided by 10?
7
Let r = 119 - 39. Suppose -3*p - r = -2*i - 2*i, 5*i + 2*p = 100. Calculate the remainder when 78 is divided by i.
18
What is the remainder when 70 is divided by 4 - (-24)/(-4) - -11?
7
Let c be (0/(-4))/((-6)/(-3)). Let k(b) = b + 5. What is the remainder when 19 is divided by k(c)?
4
Let c(g) = g**3 + g**2 - 2*g + 3. Calculate the remainder when 20 is divided by c(2).
9
Let k be ((-14)/(-5))/((-2)/60). What is the remainder when k/(-10) + (-8)/20 is divided by 5?
3
Let j(s) = -s + 9. Let w be j(6). Let i = w + 6. What is the remainder when 33 is divided by i?
6
Suppose -4*o + 5*o - 2 = -l, -2*o = -3*l - 24. Suppose -4*j = -3*v - 15 - o, -3*v = 5*j - 33. Calculate the remainder when 0*3/j + 34 is divided by 12.
10
Let u(z) = 4*z + 5. Suppose -n + 4*n - 21 = 0. Calculate the remainder when u(n) is divided by 9.
6
Suppose -k + 21 = 8. Suppose -5*x + 3*x = 0. Suppose -4*a + 30 = -2*y, 3*a + x*a - 4*y - 35 = 0. What is the remainder when k is divided by a?
3
Suppose -j = -2*h + 142, -2*h + 17 = -4*j - 137. Calculate the remainder when h is divided by (18/(-10))/((-8)/80).
15
Suppose -v = v + 12. Let y = 14 + v. What is the remainder when y is divided by 5?
3
What is the remainder when 11 is divided by (-4)/(-6)*30/4?
1
Suppose -4*s - 1 = -41. Calculate the remainder when 36 is divided by s.
6
Suppose -5*h + 5*k = -40, 6*k - k = -h - 10. Suppose -3*x + 155 = h*i, -x = -2 - 3. Calculate the remainder when i is divided by 15.
13
Suppose -w = 4, -4*w = 4*b - 30 - 114. Calculate the remainder when b is divided by 14.
12
Suppose 2*k + 52 = -k - a, a - 60 = 4*k. Let p = k - -26. What is the remainder when p is divided by 3?
1
Suppose -h = c - 0*c - 6, -4*h - 36 = -2*c. What is the remainder when 29 is divided by c?
9
Let s = 91 + -8. Calculate the remainder when s is divided by 43.
40
Let z = -6 - -3. Let c(i) = 3*i**2 - 5*i - 2. Let l be c(z). Suppose -2*w + r + l = -2, r + 23 = w. Calculate the remainder when 54 is divided by w.
16
Let i be (-3 - 0) + -1 + -11. Let k = -6 - i. Calculate the remainder when (-62)/(-4) + 2/4 is divided by k.
7
Suppose -25 = 3*u - 8*u, 59 = 3*n + u. Suppose -3*z = -2*j - n, 0*z + 3*j = 3*z - 18. What is the remainder when (-32)/z*6/(-4) is divided by 5?
3
Let h be (-12)/16*(-1 + 9). Let i = 18 + h. Calculate the remainder when 35 is divided by i.
11
Let j = -5 - -9. Suppose -8 = j*o - 8*o. Suppose -z + 11 = 3*f, 3*z = 5*f + z. What is the remainder when o is divided by f?
0
Suppose 2*g = -2*f + 4*f + 2, -5*f + 4*g = 7. What is the remainder when 26 is divided by 1*12 + 9/f?
8
Suppose 0 = 3*l - 4*l + 34. Let x = l - 17. Calculate the remainder when x is divided by -1*(8/(-1) + -1).
8
Let q(b) = -3*b**3 - 8*b**2 + 23*b - 17. Let v(s) = -s**3 - 3*s**2 + 8*s - 6. Let y(m) = -4*q(m) + 11*v(m). What is the remainder when 30 is divided by y(3)?
6
Let o = 21 - 42. Let h = -13 - o. Let j(n) = -3*n + 5. Calculate the remainder when j(-6) is divided by h.
7
Let x(r) = r**2 + 1. Let d be 2/(21/(-15) + 1). Let c(m) = -m**2 - 6*m - 7. Let y be c(d). What is the remainder when 9 is divided by x(y)?
4
Suppose -57 = -z - 4*a, -23 = 2*z - 4*a - 89. Calculate the remainder when z is divided by 22.
19
Let f(o) = -o + 18. Calculate the remainder when f(7) is divided by 7.
4
Let p = -188 + 344. Suppose q + p = 3*q. Suppose 6*h - q = 3*h. What is the remainder when h is divided by 14?
12
Let u be 186/(-12) + (-3)/(-2). Let j = -6 - u. What is the remainder when j is divided by 3?
2
Calculate the remainder when 64 is divided by ((-52)/6)/((-8)/12).
12
Calculate the remainder when 302 is divided by -2 - (5 - 4)*-40.
36
Suppose -4*h - 3*h = -63. Suppose d - 3*k - 24 = 0, -k = -2*d + 20 + 43. Calculate the remainder when d is divided by h.
6
Let o be ((-2)/4)/((-3)/72). Calculate the remainder when 19 is divided by ((-45)/o)/(3/(-8)).
9
Suppose -6*g + g = 3*h - 69, -5*h - 3*g + 115 = 0. Calculate the remainder when h is divided by 12.
11
Let y be ((-5)/(-15))/(2/30). Calculate the remainder when (4/y)/(10/25) is divided by 1.
0
Let k = -32 - -46. What is the remainder when 24 is divided by k?
10
Let x(g) = -2*g. Let c = 32 + -23. What is the remainder when x(-8) is divided by c?
7
Calculate the remainder when (-256)/(-44) - (-2)/11 is divided by 3.
0
Suppose 4*m = -0*m + 8. Let u be -5*(-2 + (-8)/(-5)). Suppose 0 = 2*p - 2 - u. Calculate the remainder when m is divided by p.
0
Suppose 4 + 104 = 3*t. Let o be 1/((-3)/t*-3). Suppose 0 = -n + o*n - 15. What is the remainder when 14 is divided by n?
4
Suppose -p + 0*f + 4*f + 12 = 0, f = -4*p + 14. Suppose 2*d + 21 = 35. Calculate the remainder when d is divided by p.
3
Let w(u) be the third derivative of -1/3*u**3 + 0 + 1/6*u**4 + 0*u + 4*u**2 + 1/30*u**5. Calculate the remainder when 55 is divided by w(-4).
13
Let t(j) = -j + 6. Suppose -4*g - 12 = 0, -4*v +